Suppose -a = -30*n + 29*n. What is the units digit of n?
3
Suppose -6*s - 3*s + 36234 = 0. Suppose -3*z - 19*z = -s. What is the tens digit of z?
8
Suppose -1642 - 1898 = -5*a. What is the units digit of a?
8
Suppose -1 - 3 = -2*o. Suppose -3*m = o - 11. What is the units digit of m?
3
Let j(r) = r**3 + 2*r**2 - 10*r - 5. Let p be j(4). Suppose 4*x + 5*y - 303 = 0, 78 + p = 2*x - 5*y. What is the tens digit of x?
7
Suppose 0 = 3*y - 410 + 23. Suppose -2*k = 3*t - 123, 0*t + y = 2*k + 5*t. What is the units digit of k?
7
Suppose -3*v + 5*b = -533, 5*v - 901 = 4*b - 2*b. What is the units digit of v?
1
Let l(i) = -i**3 + i**2 - i - 1. Let f(y) = 2*y**3 + 3*y**2 - 4*y - 8. Let w(b) = -f(b) - l(b). What is the tens digit of w(-6)?
5
Suppose 0 = -2*i - 22 + 102. Suppose 3*t + 5*u = 22, 5 = -3*u + 11. Suppose 0 = 4*d + 5*p - 35, 3*p = -t*d + i + 5. What is the units digit of d?
5
Suppose 3*l - 13 = 5*l + 3*r, -l - 3 = 5*r. What is the units digit of (2/l + (-121)/(-4))*1?
0
Suppose c + 280 = -4*h, 4*c + h - 2*h + 1086 = 0. What is the tens digit of ((-6)/(-4))/((-24)/c)?
1
Let l(o) = -8*o - 5 + 3 + o + 16*o**2 + 3*o. What is the tens digit of l(2)?
5
Let x = -2 - 0. Let r = -45 + 56. Let b = r - x. What is the units digit of b?
3
Let o(c) = c**2. Let h be o(8). Suppose 5*u - 3*q - 272 = 0, 0 = -5*u - 5*q + 3*q + 277. Suppose -7*n + 2*n - u = -t, 2*n = t - h. What is the tens digit of t?
7
Suppose 4*p + k - 154 = 278, -5*k = -2*p + 216. What is the hundreds digit of p?
1
Let x(z) = z**2 + 3*z - 8. Let f(l) = -7 + 5*l**2 - 24*l - 4*l**2 + 19*l. Let d be f(5). What is the units digit of x(d)?
0
Let d(k) = 2*k - 4. Let g be d(3). Suppose 0 = g*f + p - 5, -5*f = -3*p - 0 - 18. What is the units digit of f?
3
Suppose -5*u - w = -u - 5437, 0 = 5*w - 25. What is the hundreds digit of u?
3
Suppose -99*s + 108*s = 6984. What is the units digit of s?
6
Suppose 57*r + 6356 = 61*r. What is the tens digit of r?
8
Suppose -857 = -s - 46*n + 45*n, 0 = 2*s - 2*n - 1718. What is the tens digit of s?
5
Let v(f) = -8*f + 16. Let g(s) = 23*s - 48. Let w(k) = 6*g(k) + 17*v(k). Let a be w(12). What is the tens digit of 59 + (-5)/(a + -3)?
5
Let w be 1/(-4 - 0 - (-78)/18). Suppose -w*l + 480 = l. What is the hundreds digit of l?
1
Let w be 879/12 - 3*1/(-4). Let c = w + 122. What is the hundreds digit of c?
1
Let w = 538 - -1126. Suppose -w = -12*y + 256. What is the hundreds digit of y?
1
Let n(g) = 24*g**2 + 8*g - 19. What is the units digit of n(8)?
1
Let w(s) = 15*s - 3. Suppose 0*d = -d + 5. What is the tens digit of w(d)?
7
Let k = 1081 - -1114. What is the hundreds digit of k?
1
Let o(g) = g**2 - 16*g + 7. Let j be o(15). Let l = j + 39. What is the tens digit of l?
3
Suppose 0*l - 2*l + 3*y = -20, -2*y = -l + 12. Suppose 5*z - 65 = -5*t, -2*t + 6*t - 36 = l*z. Suppose -3*h + 4 = -t. What is the units digit of h?
5
Let y(p) = -p**3 - 6*p**2 + 6*p + 2. Let i be (8 + -16)/(1 - 0). What is the tens digit of y(i)?
8
Let c = 274 - -14. What is the tens digit of c?
8
What is the units digit of ((-20)/3)/(62/(-2511))?
0
Let o be 5 + (0/2)/(-4). Suppose 432 = o*f - 248. What is the hundreds digit of f?
1
Let t = -1000 - -2740. What is the hundreds digit of t?
7
Let n = 45 - -118. Suppose 0 = 5*c - 4*t - 319, -4*c - 4*t + 121 = -n. What is the units digit of c?
7
Suppose -4*q = -258 - 350. What is the hundreds digit of q?
1
Suppose 2*d - 2310 = 2*s, -2*d + 5*d - 3466 = 4*s. What is the hundreds digit of d?
1
Suppose 5*r = -0*r. Suppose r = -5*n - 18 - 2. What is the units digit of 8 - (n - -2 - -3)?
7
Suppose 0 = -4*b + 8, -s + 2*b = -1072 - 1216. What is the tens digit of s?
9
Suppose 4*s = 5*s - 2. Suppose -3*k = -s*k - 9. What is the units digit of k?
9
Let x(j) = -j**3 + 12*j**2 + 2*j - 21. Let b be x(12). Suppose 480 = 3*a - b*h, 324 = 2*a - 3*h - h. What is the tens digit of a?
5
Let h(x) = -x**2 + 6*x + 2. Let z be h(7). Let a(q) be the second derivative of q**4/12 - q**3/2 - 3*q**2 + 3*q. What is the tens digit of a(z)?
3
Let q(r) = 4*r**2 - 2*r + 3. Suppose 63*a - 18 = 60*a. What is the tens digit of q(a)?
3
Let f(o) = o**2 + 15*o - 16. Let c be f(-8). What is the units digit of 243/7 - (c/28)/9?
5
Suppose 0 = -0*w - 3*w + 48. Suppose -9 - w = -5*k. Suppose 4*r = 3*r + 2*x - k, -2*r - 5*x + 17 = 0. What is the units digit of r?
1
Suppose 3*y + 4*f + 188 = 7*y, 5*f = -y + 59. Suppose -187 = -3*r - y. What is the tens digit of r?
4
Suppose -10*n - 33*n + 40592 = 0. What is the tens digit of n?
4
Suppose 252*l - 258*l + 5424 = 0. What is the units digit of l?
4
Suppose -19*z + 20*z = -91. Let w = 22 - z. What is the hundreds digit of w?
1
Let a(r) = -2*r - 6. Let o be a(-5). Suppose 0 = -o*x + 33 + 111. Let l = 67 - x. What is the tens digit of l?
3
Let x(f) = -f**3 - 26*f**2 - 2*f + 2. Let k be x(-26). Suppose -15 = 3*c, 3*c - 2*c = -4*q + 11. Suppose 2*v = q*v - k. What is the tens digit of v?
2
What is the tens digit of 8/6 + 0 + (-23946)/(-9)?
6
Let l(h) = -27 + 22*h**2 + 15*h - 10*h - h**3 - 2. What is the tens digit of l(22)?
8
Let f(i) = 3*i + 40. Let p be f(-12). Suppose 2*m = -2*m + p. What is the units digit of m?
1
Let a(w) = -2*w**3 + 3*w**3 - 10*w**2 + 9*w - 5 - 6*w. What is the units digit of a(10)?
5
Suppose 2*b - 20 = -2*b. Suppose 2*g - 3 = -3*s, 0 = -2*s + b*g - 2*g + 15. Suppose -118 = -s*h + h. What is the tens digit of h?
5
Let b(k) = 2*k**2 - 4*k + 2. Let m be b(2). What is the tens digit of (-8)/m + 2275/25?
8
Let u = 9 + 9. Suppose 3*b - 5*b - 6 = 0. Let v = u + b. What is the tens digit of v?
1
Let y(d) = d**3 - 8*d**2 + 10*d - 9. Suppose -4*m + 2*f = 14, 0*f - 2*f + 2 = 2*m. Let u = 5 - m. What is the tens digit of y(u)?
1
Let b = -15 + 20. Let v(k) = k**3 - 13*k**2 + 4*k + 12. Let l(q) = -q**3 + 13*q**2 - 5*q - 13. Let f(u) = b*v(u) + 4*l(u). What is the units digit of f(13)?
8
What is the tens digit of 319884/399 - (-4)/14?
0
Suppose 2*u - 1293 = -195. What is the tens digit of u?
4
What is the units digit of (-4)/(-10) + 1648/5 + 1?
1
What is the hundreds digit of ((-4)/(-12))/((-11)/(-54120))?
6
Let z(m) = -329*m**3 - 6*m**2 - 13*m - 7. What is the hundreds digit of z(-2)?
6
Suppose 0 = -5*c + m + 23, 7*m - 3*m = 5*c - 32. Suppose -c*g + 1 = -7. What is the units digit of 2 - g*(-24)/2?
6
Let l(p) = p + 30. Let x be l(-26). Suppose -1387 = -5*m - x*s, 2*m + s - 485 - 68 = 0. What is the units digit of m?
5
Let x(f) = 16*f + 136. What is the hundreds digit of x(18)?
4
Let o(u) be the third derivative of -u**4/4 + 19*u**3/6 - 11*u**2. What is the units digit of o(-11)?
5
Let c(o) = o**3 - 8*o**2 + 9*o - 10. Let v be c(7). Let z(s) = -4*s + 134. Let i be z(-30). Suppose v*j = i - 94. What is the tens digit of j?
4
Suppose z + 2*x - 15 = 0, -x - 111 = -5*z + x. Let v(f) = f - 7*f**2 + 6*f**2 + z*f**2. What is the units digit of v(-1)?
9
Let y be 273 - (-12)/(-8)*-2. Suppose b = -2, 6*u - y = u + 3*b. What is the units digit of u?
4
Let w(f) = -f**2 - 9*f - 6. Let z be w(-8). Suppose z*h - 6*h + 2724 = 0. What is the units digit of 12/(-54) - h/(-27)?
5
Suppose 8*m = 4882 + 15118. What is the units digit of m?
0
Let g be (-12)/36 - (-80)/6. Suppose -4*c - 21 = -5*t, t + 3*c = -t + g. Suppose 47 = t*x - 18. What is the units digit of x?
3
What is the hundreds digit of ((-3464)/6)/(-2) - (-45)/135?
2
Let d be (-1287)/(-44)*-2*2/1. Let z = -38 - d. What is the tens digit of z?
7
Let b(z) = -90*z + 281. What is the thousands digit of b(-16)?
1
Suppose -3*o + 7*o + 208 = -p, 4*p + 16 = 0. What is the tens digit of -5 + 3 - (o - 3)?
5
Let f(n) = 4*n**2 + n - 1. Let o(c) = -5*c**2 - 2*c + 1. Let q(g) = 4*f(g) + 3*o(g). Let s be q(-2). Suppose -s*b + 22 = -6*b. What is the units digit of b?
2
Suppose 8*m - 3*h - 6963 = 5*m, 5*m + 3*h = 11629. What is the hundreds digit of m?
3
Let h(p) = -3*p**3 + p**2 + 2*p + 1. Let c be h(-1). Let l = 43 - c. What is the tens digit of l?
4
Let b = 96 + -120. Let i(f) = -f**3 - 22*f**2 + 39*f - 9. What is the units digit of i(b)?
7
Suppose 0 = -t + 4*t + 396. Let d = 70 + t. Let o = -2 - d. What is the units digit of o?
0
Let g(m) = -2*m + 8. Let u be g(3). Suppose 0 = -0*x - u*x - 34. Let t = 18 - x. What is the tens digit of t?
3
Suppose 22*h - 13272 = 1402. What is the tens digit of h?
6
Suppose -10222 - 7881 